ose 3*i = -4*c + 1619, -2200 = 142*i - 146*i + 5*c. What is the highest common divisor of i and 327?
109
Suppose 68064*v - 2312 = 68047*v. Calculate the highest common divisor of v and 152.
8
Let u(w) = -9*w**3 - 3282*w**2 + 1100*w + 1973. Let p be u(-365). Let x(d) = 8*d**2 - 3*d - 5. Let l be x(4). Calculate the highest common factor of p and l.
37
Suppose 5*a - n = 3957, -3*n = -a + 2*a - 801. Suppose -31*w + 22*w + a = 0. Calculate the highest common factor of w and 16.
8
Let r(v) = v**3 - 2*v**2 + 7*v - 40. Let u be r(0). Let i = u - -62. Calculate the greatest common divisor of i and 352.
22
Suppose -29 + 26 = 3*s. Let v be 1 + (s/3)/((-4)/12). Suppose -v*r - 3*b = -14, 2*r + 2*r - 32 = -4*b. What is the highest common factor of 70 and r?
10
Let d = -2854 + 2870. What is the highest common divisor of 4400 and d?
16
Suppose 3*o + 0*o = 2*u - 185, -u - 4*o = -109. Suppose 3*t + 3*x = 5*x + 109, 5*x = 3*t - u. Calculate the greatest common factor of 117 and t.
39
Suppose -o - 6 = 2. Let g be (-451)/o + (-18)/48. Suppose 0 = -4*k + 4*l + 24, 10*k = 6*k - 4*l + 32. What is the greatest common factor of k and g?
7
Let h(n) = -2*n**2 + 62*n + 54. Let s(o) = -o + 25. Let t be s(-6). Let d be h(t). What is the highest common factor of 54 and d?
54
Let l(i) = -2*i**3 - 25*i**2 + 44*i + 34. Let y be l(-14). Suppose -1184 = -y*z - 31*z. What is the highest common factor of 48 and z?
16
Suppose 96*z - 7653 - 15522 = -7*z. Calculate the highest common divisor of z and 1935.
45
Suppose 0 = -6*a + 16 + 20. Suppose 16*b - 210 = a*b. Suppose -96 = 4*q - 852. Calculate the greatest common factor of q and b.
21
Let w be 21/14 + (-10)/(-4). Let d(i) be the second derivative of i**3/2 + 3*i**2 + i - 32. Let c be d(0). What is the highest common divisor of w and c?
2
Suppose -5*w - 31 = 144. Let p = -72 - -32. Let d = w - p. Calculate the greatest common divisor of 45 and d.
5
Let t(a) = a**3 + 9*a**2 + 16*a + 6. Let r be t(-6). Let f be ((-176)/(-66))/(4/r). What is the greatest common factor of f and 27?
3
Suppose 3*p = -4*q - 1309 - 1242, 3*p + 2566 = -q. Let j = -803 - p. Let x = 46 - -8. What is the highest common factor of j and x?
54
Let p = -1009 + 3193. Calculate the greatest common divisor of 336 and p.
168
Let z(p) = -p**3 + 66*p**2 - 133*p + 71. Let b be z(62). What is the greatest common divisor of b and 19?
19
Let m(h) = -h**3 - 23*h**2 + 26*h + 50. Let s be m(-24). Suppose s*k + 168 = 10*k. What is the greatest common divisor of 63 and k?
21
Let m(i) = 874*i**2 - 913*i + 11. Let s be m(-5). Calculate the greatest common factor of 146 and s.
146
Suppose 66*t + k + 8621 = 67*t, 17246 = 2*t - k. What is the highest common divisor of 138 and t?
69
Let y be -2 - -2 - (1 + -13 + -10824). What is the greatest common factor of y and 1008?
252
Let k = -548 + 728. Suppose 2*q + k = 4*s - 192, 0 = -4*s - q + 366. What is the highest common factor of 138 and s?
46
Suppose -b - 8*p + 77 = -12*p, -2*b + 142 = -4*p. What is the highest common factor of 12792 and b?
13
Let l(b) = 45*b + 7. Let a be l(-3). Let f = -58 - a. Suppose 0 = -5*u - 10, 29*o + 18 = 31*o + u. What is the highest common divisor of f and o?
10
Let i be ((-250)/10 - -15)*-4. What is the greatest common divisor of i and 1565?
5
Suppose u + 14 = 3*u. Let r(w) = 2*w**3 - 4*w**2 - 20*w + 13. Let y(t) = -8*t + 61. Let m be y(7). Let z be r(m). What is the highest common factor of u and z?
7
Suppose -o + 25 = 5*f, 3*o = -4*f + 6 + 14. Suppose f*l = 3*i + 374, 4*l - i - 184 = 118. What is the greatest common factor of l and 133?
19
Let v(j) be the third derivative of 13*j**5/60 - 5*j**4/8 - 5*j**3/3 + 114*j**2. Let m be v(5). What is the highest common divisor of m and 30?
30
Let j = -404 - -480. What is the highest common divisor of 19 and j?
19
Suppose -161*k + 606 + 234 = -126*k. Calculate the greatest common factor of 568 and k.
8
Suppose -3*p - 5*h + 266 = 0, -31*p - 4*h + 352 = -27*p. Suppose -p*m - 560 = -101*m. What is the highest common factor of m and 4?
4
Let b = 11 - 7. Let p = -124 - -126. Suppose 48 = 4*l - p*x, l = 3*l + b*x - 14. Calculate the highest common divisor of l and 22.
11
Suppose -5*r + 83 - 88 = 0. Let f be r*((-36)/4)/3. Let p be 556/3 + (7/(-7))/f. What is the greatest common divisor of 37 and p?
37
Let j(u) = -u**3 + 33*u**2 - 58*u - 48. Let d be j(31). Suppose -3*k = 9, -2*m + d = -k + 17. What is the highest common divisor of m and 7?
7
Suppose -39*j + 42 = -33*j. Let v be j + (-1 - (4 - 3)). What is the greatest common factor of v and 45?
5
Suppose 0 = 11*f - 7*f - 20. Let k(z) = f*z + 0*z - 3*z**3 - 6*z - 2*z**3. Let r be k(-1). What is the highest common divisor of r and 18?
6
Suppose 0 = 4*v - 0*g - 2*g - 802, -4*g = -3*v + 614. Let f = 392 - v. Let n = -116 + f. What is the highest common divisor of n and 52?
26
Suppose 2320 = 4*i - 33*i. Let l = i - -104. Calculate the highest common divisor of 120 and l.
24
Let p be (2/(-8))/((-2)/(-12))*-8. Let d be (-272)/10 + (-6)/(-30). Let q = 69 - d. What is the greatest common divisor of q and p?
12
Let y be (-7 - 231/(-6))/(8/112). Calculate the greatest common divisor of y and 91.
7
Suppose u = -5*d - 8 + 21, -u = 3*d - 15. Let w = 11 + -7. Suppose 3*f - 5*n = 128, -w*n + 37 + 91 = 4*f. What is the highest common divisor of u and f?
18
Let w(k) = -k**3 + 10*k**2 + 91*k - 897. Let q be w(9). Calculate the greatest common factor of q and 1605.
3
Let t be (-30)/8*19440/(-2025). Calculate the greatest common factor of 2034 and t.
18
Suppose 46 + 2 = 12*t. Suppose -120 = -t*r - 2*r. Calculate the greatest common factor of 220 and r.
20
Suppose 0 = 55*y - 14*y + 7*y - 2064. Calculate the greatest common factor of y and 11567.
43
Suppose y = 2 + 3. Let a be (12/(-15))/(y/(-100)). Suppose 0 = 17*p - 58 - 10. What is the greatest common divisor of p and a?
4
Let u = -1472 + 9081. Calculate the greatest common factor of u and 7.
7
Let n = 1259 + -1099. What is the highest common factor of n and 2960?
80
Let q = 90 - 60. Let a(v) = 163*v + 14. Let s be a(8). Suppose 5*n - 332 = s. Calculate the greatest common divisor of q and n.
30
Suppose -4*g = -0*g - 528. Suppose 0 = -93*o - 8939 + 13437 + 16985. What is the greatest common divisor of g and o?
33
Let q = 4506 - 292. Calculate the greatest common factor of 172 and q.
86
Suppose -108*n = -109*n + 3. Suppose n*s = c + 73, 8*s + 4*c = 6*s + 58. What is the greatest common factor of s and 100?
25
Let i(w) = -17*w**2 - 514*w + 53. Let y be i(-30). What is the highest common divisor of 4 and y?
1
Let r = 13168 + -13154. What is the highest common factor of 4718 and r?
14
Let v(f) = -55*f + 53. Let j be v(-15). Let w = 1391 - j. What is the highest common factor of w and 57?
57
Let l = 40130 - 40090. Let y(a) = -a + 70. Let c be y(0). What is the highest common divisor of l and c?
10
Let m be (-34)/17*(-2)/(4/13). Let r = -48 - -50. Suppose 5*a + m = r*k, 2*a - 15 = -3*k + 14. What is the highest common factor of k and 18?
9
Let v = -346 - -350. Let w(r) = 13*r + 60. Let i be w(v). What is the greatest common factor of i and 7?
7
Suppose -36*t + 31*t = -15. Suppose -2*b - t*h + 349 = 0, -7*b + 2*b = 3*h - 859. What is the highest common factor of b and 10?
10
Let x be (-1)/(-5) - 1 - 216216/(-1170). Calculate the highest common factor of x and 207.
23
Suppose 0 = -116*h + 62860 - 4860. Calculate the highest common factor of h and 140.
20
Suppose -5 + 86 = 3*h. Let y(s) = -s**3 - 7*s**2 - s - 9. Let w be y(6). Let d = w - -726. Calculate the greatest common divisor of h and d.
27
Let u = -980364 - -980389. Let q be (-1083)/4 - (-1)/(-4). Let m = q - -546. What is the highest common divisor of m and u?
25
Suppose -130 + 414 = 4*x. Suppose 8*u - x = 153. What is the highest common divisor of 238 and u?
14
Let r be (180/27 - 8)/(40/(-930)). Calculate the greatest common factor of r and 15469.
31
Let r(v) = -106*v + 425. Let l be r(4). Let s = -1 - -4. Let b = s - 2. What is the greatest common divisor of b and l?
1
Let s(x) = -x - 4*x - 15 - x. Suppose 659*f = 558*f - 404. Let u be s(f). What is the highest common divisor of u and 3?
3
Suppose 5*q - 11450 = -g, -4*g + 1853 = 4*q - 7323. What is the highest common divisor of 6 and q?
3
Let x = -6709 + 6728. Calculate the greatest c